{"id":105,"date":"2024-08-16T17:21:11","date_gmt":"2024-08-16T17:21:11","guid":{"rendered":"https:\/\/dadide.nl\/?page_id=105"},"modified":"2026-02-08T13:11:16","modified_gmt":"2026-02-08T13:11:16","slug":"tarieven","status":"publish","type":"page","link":"https:\/\/dadide.nl\/index.php\/tarieven\/","title":{"rendered":"Tarieven"},"content":{"rendered":"\n<h1 class=\"wp-block-heading\" id=\"tarieven-hondenspeeltuin-dadide-in-heerde\"><br>Tarieven \u2013 Hondenspeeltuin Dadid\u00e9 in Heerde<\/h1>\n\n\n\n<p>Bij Hondenspeeltuin Dadid\u00e9 draait alles om <strong>plezier, uitdaging en ontspanning<\/strong> voor jou en je hond. Of je nu kiest voor spelen op de toestellen, Neusspel, een puzzelsessie of een strippenkaart: er is altijd een passende optie.<\/p>\n\n\n\n<p>Een <strong>speelsessie <\/strong>duurt gemiddeld zo\u2019n <strong>45 minuten<\/strong>, afhankelijk van het uithoudingsvermogen van jouw hond. Bij <strong>puzzelen <\/strong>met je hond duurt een sessie ongeveer <strong>30 minuten<\/strong>. <strong>Neusspel <\/strong>wordt aangeboden in een traject van <strong>4 lessen van 1 uur<\/strong>. Omdat iedere hond anders is, stoppen we zodra jouw hond genoeg heeft gedaan \u2013 kwaliteit gaat voor tijd.<\/p>\n\n\n\n<p>Bekijk <strong>hieronder de tarieven<\/strong> voor spelen, Neusspel en puzzelenl bij Dadid\u00e9.<\/p>\n\n\n\n<hr class=\"wp-block-separator has-alpha-channel-opacity\"\/>\n\n\n\n<h2 class=\"wp-block-heading\" id=\"speeltuin-puzzelen\"><strong>Speeltuin &amp; Puzzelen<\/strong> \ud83e\udde9<\/h2>\n\n\n\n<ul class=\"wp-block-list\">\n<li><strong>1x Spelen (45 min)<\/strong> \u2013 \u20ac 15,-<\/li>\n\n\n\n<li><strong>Strippenkaart 10x Spelen<\/strong> \u2013 \u20ac 135,-<br><em>(10% korting, 1 jaar geldig \u2013 ideaal om vaker te komen spelen!)<\/em><\/li>\n\n\n\n<li><strong>1x Puzzelen (30 min)<\/strong> \u2013 \u20ac 10,-<\/li>\n<\/ul>\n\n\n\n<blockquote class=\"wp-block-quote is-layout-flow wp-block-quote-is-layout-flow\">\n<p>Alle prijzen gelden per hond en zijn vrijgesteld van BTW.<\/p>\n<\/blockquote>\n\n\n\n<hr class=\"wp-block-separator has-alpha-channel-opacity\"\/>\n\n\n\n<h2 class=\"wp-block-heading\" id=\"neusspel\"><strong>Neusspel<\/strong> <img loading=\"lazy\" decoding=\"async\" width=\"25\" height=\"22\" class=\"wp-image-781\" style=\"width: 25px;\" src=\"https:\/\/dadide.nl\/wp-content\/uploads\/2025\/11\/Schermafbeelding-2025-11-23-205929-1.png\" alt=\"\" srcset=\"https:\/\/dadide.nl\/wp-content\/uploads\/2025\/11\/Schermafbeelding-2025-11-23-205929-1.png 342w, https:\/\/dadide.nl\/wp-content\/uploads\/2025\/11\/Schermafbeelding-2025-11-23-205929-1-300x266.png 300w\" sizes=\"auto, (max-width: 25px) 100vw, 25px\" \/><\/h2>\n\n\n\n<ul class=\"wp-block-list\">\n<li><strong>Groepslessen<\/strong> \u2013 \u20ac 135,00<\/li>\n\n\n\n<li><strong>Duo<\/strong> \u2013 \u20ac 165,00<\/li>\n\n\n\n<li><strong>Priv\u00e9<\/strong> \u2013 \u20ac 175,00<\/li>\n<\/ul>\n\n\n\n<p><em>(Inclusief lesmateriaal: geurvoorwerpen en hand-out)<\/em><\/p>\n\n\n\n<hr class=\"wp-block-separator has-alpha-channel-opacity\"\/>\n\n\n\n<h2 class=\"wp-block-heading\" id=\"cadeaubonnen\">Cadeaubonnen \ud83c\udf81<\/h2>\n\n\n\n<p>Op zoek naar een <strong>origineel cadeau voor een hondenliefhebber<\/strong>? Geef een cadeaubon van Dadid\u00e9!<br>Je kunt kiezen voor \u00e9\u00e9n of meerdere losse sessie(s) of een strippenkaart. Zo geef je niet alleen een activiteit, maar ook een uniek <strong>moment van quality time <\/strong>tussen hond en baas.<\/p>\n\n\n\n<p>Klik <a href=\"https:\/\/dadide.nl\/index.php\/cadeaubon-dadide-het-perfecte-cadeau-voor-elke-hondenliefhebber\/\">hier<\/a> voor meer informatie.<\/p>\n\n\n\n<hr class=\"wp-block-separator has-alpha-channel-opacity\"\/>\n\n\n\n<h2 class=\"wp-block-heading\" id=\"\u2139-handig-om-te-weten\">\u2139\ufe0f <strong>Handig om te weten<\/strong><\/h2>\n\n\n\n<ul class=\"wp-block-list\">\n<li>Afspraken minimaal <strong>24 uur<\/strong> van tevoren annuleren.<\/li>\n\n\n\n<li>De prijzen zijn <strong>per hond<\/strong>.<\/li>\n\n\n\n<li><strong>Locatie:<\/strong> Hondenspeeltuin Dadid\u00e9, Heerde \u2013 Veluwe.<\/li>\n<\/ul>\n\n\n\n<hr class=\"wp-block-separator has-alpha-channel-opacity\"\/>\n\n\n\n<h2 class=\"wp-block-heading\" id=\"bedrijfsgegevens\">\ud83d\udccc <strong>Bedrijfsgegevens<\/strong><\/h2>\n\n\n\n<p>Dadid\u00e9 \u2013 Hondenspeeltuin Heerde<br>Klippenweg 3, 8181PC Heerde<br>KvK: 93055021<br>BTW: NL005002275B14<br>IBAN: NL13 KNAB 0775 5215 58 t.n.v. Kuzari<\/p>\n","protected":false},"excerpt":{"rendered":"<p>Tarieven \u2013 Hondenspeeltuin Dadid\u00e9 in Heerde Bij Hondenspeeltuin Dadid\u00e9 draait alles om plezier, uitdaging en ontspanning voor jou en je hond. Of je nu kiest voor spelen op de toestellen, Neusspel, een puzzelsessie of een strippenkaart: er is altijd een passende optie. Een speelsessie duurt gemiddeld zo\u2019n 45 minuten, afhankelijk van het uithoudingsvermogen van jouw [&hellip;]<\/p>\n","protected":false},"author":1,"featured_media":0,"parent":0,"menu_order":0,"comment_status":"closed","ping_status":"closed","template":"","meta":{"_gspb_post_css":"","_uag_custom_page_level_css":"","ocean_post_layout":"","ocean_both_sidebars_style":"","ocean_both_sidebars_content_width":0,"ocean_both_sidebars_sidebars_width":0,"ocean_sidebar":"","ocean_second_sidebar":"","ocean_disable_margins":"enable","ocean_add_body_class":"","ocean_shortcode_before_top_bar":"","ocean_shortcode_after_top_bar":"","ocean_shortcode_before_header":"","ocean_shortcode_after_header":"","ocean_has_shortcode":"","ocean_shortcode_after_title":"","ocean_shortcode_before_footer_widgets":"","ocean_shortcode_after_footer_widgets":"","ocean_shortcode_before_footer_bottom":"","ocean_shortcode_after_footer_bottom":"","ocean_display_top_bar":"default","ocean_display_header":"default","ocean_header_style":"","ocean_center_header_left_menu":"","ocean_custom_header_template":"","ocean_custom_logo":0,"ocean_custom_retina_logo":0,"ocean_custom_logo_max_width":0,"ocean_custom_logo_tablet_max_width":0,"ocean_custom_logo_mobile_max_width":0,"ocean_custom_logo_max_height":0,"ocean_custom_logo_tablet_max_height":0,"ocean_custom_logo_mobile_max_height":0,"ocean_header_custom_menu":"","ocean_menu_typo_font_family":"","ocean_menu_typo_font_subset":"","ocean_menu_typo_font_size":0,"ocean_menu_typo_font_size_tablet":0,"ocean_menu_typo_font_size_mobile":0,"ocean_menu_typo_font_size_unit":"px","ocean_menu_typo_font_weight":"","ocean_menu_typo_font_weight_tablet":"","ocean_menu_typo_font_weight_mobile":"","ocean_menu_typo_transform":"","ocean_menu_typo_transform_tablet":"","ocean_menu_typo_transform_mobile":"","ocean_menu_typo_line_height":0,"ocean_menu_typo_line_height_tablet":0,"ocean_menu_typo_line_height_mobile":0,"ocean_menu_typo_line_height_unit":"","ocean_menu_typo_spacing":0,"ocean_menu_typo_spacing_tablet":0,"ocean_menu_typo_spacing_mobile":0,"ocean_menu_typo_spacing_unit":"","ocean_menu_link_color":"","ocean_menu_link_color_hover":"","ocean_menu_link_color_active":"","ocean_menu_link_background":"","ocean_menu_link_hover_background":"","ocean_menu_link_active_background":"","ocean_menu_social_links_bg":"","ocean_menu_social_hover_links_bg":"","ocean_menu_social_links_color":"","ocean_menu_social_hover_links_color":"","ocean_disable_title":"default","ocean_disable_heading":"default","ocean_post_title":"","ocean_post_subheading":"","ocean_post_title_style":"","ocean_post_title_background_color":"","ocean_post_title_background":0,"ocean_post_title_bg_image_position":"","ocean_post_title_bg_image_attachment":"","ocean_post_title_bg_image_repeat":"","ocean_post_title_bg_image_size":"","ocean_post_title_height":0,"ocean_post_title_bg_overlay":0.5,"ocean_post_title_bg_overlay_color":"","ocean_disable_breadcrumbs":"default","ocean_breadcrumbs_color":"","ocean_breadcrumbs_separator_color":"","ocean_breadcrumbs_links_color":"","ocean_breadcrumbs_links_hover_color":"","ocean_display_footer_widgets":"default","ocean_display_footer_bottom":"default","ocean_custom_footer_template":"","footnotes":""},"class_list":["post-105","page","type-page","status-publish","hentry","entry"],"uagb_featured_image_src":{"full":false,"thumbnail":false,"medium":false,"medium_large":false,"large":false,"1536x1536":false,"2048x2048":false,"ocean-thumb-m":false,"ocean-thumb-ml":false,"ocean-thumb-l":false},"uagb_author_info":{"display_name":"Jenny","author_link":"https:\/\/dadide.nl\/index.php\/author\/jenny\/"},"uagb_comment_info":0,"uagb_excerpt":"Tarieven \u2013 Hondenspeeltuin Dadid\u00e9 in Heerde Bij Hondenspeeltuin Dadid\u00e9 draait alles om plezier, uitdaging en ontspanning voor jou en je hond. Of je nu kiest voor spelen op de toestellen, Neusspel, een puzzelsessie of een strippenkaart: er is altijd een passende optie. Een speelsessie duurt gemiddeld zo\u2019n 45 minuten, afhankelijk van het uithoudingsvermogen van jouw&hellip;","_links":{"self":[{"href":"https:\/\/dadide.nl\/index.php\/wp-json\/wp\/v2\/pages\/105","targetHints":{"allow":["GET"]}}],"collection":[{"href":"https:\/\/dadide.nl\/index.php\/wp-json\/wp\/v2\/pages"}],"about":[{"href":"https:\/\/dadide.nl\/index.php\/wp-json\/wp\/v2\/types\/page"}],"author":[{"embeddable":true,"href":"https:\/\/dadide.nl\/index.php\/wp-json\/wp\/v2\/users\/1"}],"replies":[{"embeddable":true,"href":"https:\/\/dadide.nl\/index.php\/wp-json\/wp\/v2\/comments?post=105"}],"version-history":[{"count":26,"href":"https:\/\/dadide.nl\/index.php\/wp-json\/wp\/v2\/pages\/105\/revisions"}],"predecessor-version":[{"id":1181,"href":"https:\/\/dadide.nl\/index.php\/wp-json\/wp\/v2\/pages\/105\/revisions\/1181"}],"wp:attachment":[{"href":"https:\/\/dadide.nl\/index.php\/wp-json\/wp\/v2\/media?parent=105"}],"curies":[{"name":"wp","href":"https:\/\/api.w.org\/{rel}","templated":true}]}}